{"id":9,"date":"2022-08-29T18:19:27","date_gmt":"2022-08-29T18:19:27","guid":{"rendered":"https:\/\/discoanddancefever.nl\/?page_id=9"},"modified":"2025-09-02T11:29:25","modified_gmt":"2025-09-02T11:29:25","slug":"home","status":"publish","type":"page","link":"https:\/\/discoanddancefever.nl\/","title":{"rendered":"Home"},"content":{"rendered":"<p>[et_pb_section fb_built=&#8221;1&#8243; _builder_version=&#8221;4.20.0&#8243; _module_preset=&#8221;default&#8221; background_color=&#8221;#8300E9&#8243; custom_padding=&#8221;18px|||||&#8221; global_colors_info=&#8221;{}&#8221;][et_pb_row column_structure=&#8221;1_2,1_2&#8243; _builder_version=&#8221;4.17.6&#8243; _module_preset=&#8221;default&#8221; global_colors_info=&#8221;{}&#8221;][et_pb_column type=&#8221;1_2&#8243; _builder_version=&#8221;4.17.6&#8243; _module_preset=&#8221;default&#8221; global_colors_info=&#8221;{}&#8221;][et_pb_text _builder_version=&#8221;4.27.4&#8243; _module_preset=&#8221;default&#8221; text_text_color=&#8221;#FFFFFF&#8221; header_2_font=&#8221;|800|||||||&#8221; header_2_text_color=&#8221;#FFFFFF&#8221; header_2_font_size=&#8221;49px&#8221; custom_padding=&#8221;92px|||||&#8221; header_2_font_size_tablet=&#8221;49px&#8221; header_2_font_size_phone=&#8221;49px&#8221; header_2_font_size_last_edited=&#8221;on|phone&#8221; global_colors_info=&#8221;{}&#8221;]<\/p>\n<h2>Eddy Jones en Jan Hendrix doen het nog \u00e9\u00e9n keer:<br \/>Classics Dance Night \u2018One More Time\u2019!<\/h2>\n<p>Tussen 2006 en 2012 was Classics Dance Night h\u00e8t toonaangevende discofeest in Oost Brabant. Wekelijks kon je wel ergens lekker dansen op discohits uit de 70\u2019s en 80\u2019s en oude vrienden en vriendinnen ontmoeten.<br \/>Wie herinnert zich niet legendarische avonden in de Schouwburg in Cuijk, waar het in 2006 allemaal begon. En later in het Palazzo in Grave, het Ridderhof in Gemert, De Pul in Uden, de Blauwe Kei in Veghel, De Beurs in Sint-Oedenrode en uitgaanslocaties van weleer in Heesch, Oss, Puiflijk, Malden, Groesbeek, Rosmalen, Bergeijk, Oisterwijk, Moergestel, Someren, Oirschot, Venray, Helmond, Gennep, Geldrop, Overasselt en Den Bosch.<\/p>\n<p><strong>Zes jaar lang <\/strong><br \/>Het verhaal is eigenlijk heel simpel: twee oude jeugdvrienden, Eddy \u2018Jones\u2019 Jansen en Jan Hendrix, allebei dj, wilden weer eens een ouderwets discofeest organiseren. Met spiegelbollen, verlichte dansvloer en alle discohits uit de 70\u2019s en 80\u2019s. En wat is er mooier dan nog eens met dat vriendje of vriendinnetje van vroeger op een verlichte dansvloer? Lekker dansen op discohits uit jouw jeugd! Dat begon in mei 2006 in de Schouwburg in Cuijk. En ging vervolgens zes jaar lang kris-kras langs allerlei uitgaanslocaties van weleer door Oost-Brabant!<\/p>\n<p><strong>Lovende recensies <\/strong><br \/>Het werd jarenlang een doorslaggevend succes met uitverkochte avonden en lovende recensies in de pers. \u201cDe dansvloer vol van acht uur savonds tot twee uur in de nacht. Dat kunnen alleen de dj\u2019s van Classics Dance Night\u201d, schreef de Stadskrant Veghel eens na een avond in de Blauwe Kei aldaar. We genieten nog steeds na van zo\u2019n compliment!<\/p>\n<p><strong>Avond van je leven <\/strong><br \/>Nu in oktober 2025 gaan Eddy en Jan die sfeer van toen n\u00f3g eens \u00e9\u00e9n keer terughalen. Classics Dance Night \u2018One More Time\u2019. Op zaterdag 25 oktober in de voormalige Lambertuskerk in Beers (bij Cuijk), inmiddels omgebouwd tot evenementencentrum. We hangen spiegelbollen op en leggen een verlichte dansvloer neer. En we maken er een echte discotheek a la Studio 54 in New York van! En we draaien er de avond van je leven! Klik hier om nu al je tickets te kopen. Voor je het weet zijn ze weg!!<\/p>\n<p>[\/et_pb_text][et_pb_button button_url=&#8221;https:\/\/shop.ikbenaanwezig.nl\/tickets\/event\/classics-dance-night-one-more-time&#8221; button_text=&#8221;Tickets 25 oktober 2025&#8243; button_alignment=&#8221;left&#8221; _builder_version=&#8221;4.27.4&#8243; _module_preset=&#8221;default&#8221; custom_button=&#8221;on&#8221; button_text_size=&#8221;19px&#8221; button_text_color=&#8221;#FFFFFF&#8221; button_bg_color=&#8221;#E09900&#8243; button_border_color=&#8221;#8300E9&#8243; button_font=&#8221;|800||on|||||&#8221; button_icon=&#8221;&#x3d;||divi||400&#8243; button_on_hover=&#8221;off&#8221; global_colors_info=&#8221;{}&#8221;][\/et_pb_button][\/et_pb_column][et_pb_column type=&#8221;1_2&#8243; _builder_version=&#8221;4.17.6&#8243; _module_preset=&#8221;default&#8221; global_colors_info=&#8221;{}&#8221;][et_pb_image src=&#8221;https:\/\/discoanddancefever.nl\/wp-content\/uploads\/2022\/08\/Lambertuskerk-beers.webp&#8221; title_text=&#8221;Lambertuskerk beers&#8221; _builder_version=&#8221;4.17.6&#8243; _module_preset=&#8221;default&#8221; custom_padding=&#8221;101px|||||&#8221; global_colors_info=&#8221;{}&#8221;][\/et_pb_image][\/et_pb_column][\/et_pb_row][\/et_pb_section][et_pb_section fb_built=&#8221;1&#8243; _builder_version=&#8221;4.17.6&#8243; _module_preset=&#8221;default&#8221; background_color=&#8221;#8300E9&#8243; custom_padding=&#8221;17px||30px|||&#8221; global_colors_info=&#8221;{}&#8221;][et_pb_row _builder_version=&#8221;4.17.6&#8243; _module_preset=&#8221;default&#8221; global_colors_info=&#8221;{}&#8221;][et_pb_column type=&#8221;4_4&#8243; _builder_version=&#8221;4.17.6&#8243; _module_preset=&#8221;default&#8221; global_colors_info=&#8221;{}&#8221;][et_pb_text _builder_version=&#8221;4.17.6&#8243; _module_preset=&#8221;default&#8221; text_text_color=&#8221;#FFFFFF&#8221; global_colors_info=&#8221;{}&#8221;]<\/p>\n<div class=\"et_pb_module et_pb_text et_pb_text_4_tb_footer h4White noMarginBottom  et_pb_text_align_left et_pb_bg_layout_light\" style=\"text-align: center;\">\n<div class=\"et_pb_text_inner\">\n<p style=\"text-align: center;\"><strong>Locatie<\/strong><\/p>\n<p><span style=\"font-size: 14px;\">St. Lambertus Kerk Beers<br \/><\/span><span style=\"font-size: 14px;\">Kerkeveld 2<br \/><\/span><span style=\"font-size: 14px;\">5437 BH \u00a0Beers<br \/>info@xcitingevents.nl<\/span><\/p>\n<\/div>\n<\/div>\n<p>[\/et_pb_text][\/et_pb_column][\/et_pb_row][\/et_pb_section]<\/p>\n","protected":false},"excerpt":{"rendered":"<p>Eddy Jones en Jan Hendrix doen het nog \u00e9\u00e9n keer:Classics Dance Night \u2018One More Time\u2019! Tussen 2006 en 2012 was Classics Dance Night h\u00e8t toonaangevende discofeest in Oost Brabant. Wekelijks kon je wel ergens lekker dansen op discohits uit de 70\u2019s en 80\u2019s en oude vrienden en vriendinnen ontmoeten.Wie herinnert zich niet legendarische avonden in [&hellip;]<\/p>\n","protected":false},"author":1,"featured_media":0,"parent":0,"menu_order":0,"comment_status":"closed","ping_status":"closed","template":"","meta":{"_et_pb_use_builder":"on","_et_pb_old_content":"","_et_gb_content_width":"","footnotes":""},"class_list":["post-9","page","type-page","status-publish","hentry"],"_links":{"self":[{"href":"https:\/\/discoanddancefever.nl\/index.php\/wp-json\/wp\/v2\/pages\/9","targetHints":{"allow":["GET"]}}],"collection":[{"href":"https:\/\/discoanddancefever.nl\/index.php\/wp-json\/wp\/v2\/pages"}],"about":[{"href":"https:\/\/discoanddancefever.nl\/index.php\/wp-json\/wp\/v2\/types\/page"}],"author":[{"embeddable":true,"href":"https:\/\/discoanddancefever.nl\/index.php\/wp-json\/wp\/v2\/users\/1"}],"replies":[{"embeddable":true,"href":"https:\/\/discoanddancefever.nl\/index.php\/wp-json\/wp\/v2\/comments?post=9"}],"version-history":[{"count":70,"href":"https:\/\/discoanddancefever.nl\/index.php\/wp-json\/wp\/v2\/pages\/9\/revisions"}],"predecessor-version":[{"id":176,"href":"https:\/\/discoanddancefever.nl\/index.php\/wp-json\/wp\/v2\/pages\/9\/revisions\/176"}],"wp:attachment":[{"href":"https:\/\/discoanddancefever.nl\/index.php\/wp-json\/wp\/v2\/media?parent=9"}],"curies":[{"name":"wp","href":"https:\/\/api.w.org\/{rel}","templated":true}]}}